+ a = 0. List the prime factors of y.
2
Let u(x) = -5 - 6 - 2 + 66*x**2 + 8*x - 20*x**2. What are the prime factors of u(2)?
11, 17
List the prime factors of 114 - (2 + (-3 - -4)/(-1)).
113
Let n(k) = -k**2 - 17*k + 7. Let q be 63/27 - 2/(-3). Suppose 42 = -q*l - 9. What are the prime factors of n(l)?
7
Suppose -3008 = 67*h - 75*h. List the prime factors of h.
2, 47
Let m(s) = -4*s**2 + 7*s - 14. Let g(k) = -21*k**2 + 36*k - 69. Let j(b) = 2*g(b) - 11*m(b). List the prime factors of j(8).
2, 13
Suppose -2*i - 85 = -5*w, i - w - 4*w + 55 = 0. Let f = 3 - i. Suppose 5*n + 3 - f = 0. What are the prime factors of n?
2, 3
Let y = 815 - 433. What are the prime factors of y?
2, 191
Let q = -7 + -56. Let k = q + -24. Let l = k + 135. List the prime factors of l.
2, 3
Suppose 2282 = -81*k + 88*k. List the prime factors of k.
2, 163
Let c(o) = -o**3 + 30*o**2 - 2*o - 132. What are the prime factors of c(26)?
2, 3, 5, 7
Let r(n) = 10*n**2 - 9*n + 19. What are the prime factors of r(11)?
2, 5, 113
List the prime factors of (-4)/(-3) - -157*121/33.
577
Suppose -s - q + 1237 = 0, -3*s - 2*q + 3646 + 66 = 0. What are the prime factors of s?
2, 619
Let c(p) = 2*p + 21. Let m(g) = -g - 10. Let b(s) = 6*c(s) + 13*m(s). Let j be b(-6). Suppose -d - 98 = -3*d - 2*z, -d + 52 = j*z. List the prime factors of d.
2, 23
Let r be ((-48)/15)/((-10)/1175). Suppose -6*p = -2*p - r. List the prime factors of p.
2, 47
Suppose 4*z - 11 = o - 0*z, -25 = 2*o - 5*z. What are the prime factors of (18/(-3) + -4)*o/2?
3, 5
Suppose 302 - 14 = 4*a. Let u = a + 15. What are the prime factors of u?
3, 29
Let q(n) = -n**3 - 5*n**2 - 2*n + 8. Suppose 2*x = -3*x + 85. Let g = x + -23. What are the prime factors of q(g)?
2, 7
Suppose -3*q + 64*q - 26047 = 0. What are the prime factors of q?
7, 61
Suppose 12 = g - 2. Suppose -z + 10 = 3*n, 2*z - g = -3*n - 3*z. Suppose k = -2, n*k + 0*k - 34 = -5*f. What are the prime factors of f?
2
List the prime factors of 1515/(-165) + 9 + 9517/11.
5, 173
What are the prime factors of 36/(-24)*2 + 1052?
1049
Let g(o) = 47*o**3 + 4*o**2 - 5*o + 3. Let s be g(1). Let v be 28*1/(2/(-2)). Let y = s + v. List the prime factors of y.
3, 7
Let h(p) = p**3 - 12*p**2 + 10*p + 12. Let r be h(11). List the prime factors of 12/9*r*123.
2, 41
Let q(i) be the first derivative of 9*i**4/4 + i**2/2 - 4*i - 5. List the prime factors of q(2).
2, 5, 7
Let c(q) = 3*q**3 + 2*q**2 - 3*q - 2. Let p be c(-2). Let m be (-2)/8 - (-189)/p. What are the prime factors of 16/(-128) - 258/m?
2
Let t = 5 + -13. Let v(j) = j**3 + 9*j**2 + 11*j - 9. Let q be v(-7). Let n = q + t. List the prime factors of n.
2
Let n = -9 + 13. Suppose -n*w = -2*w. Suppose w = 4*i - 3 - 29. List the prime factors of i.
2
Let k be 4 + (-12 - -2) + 1. List the prime factors of 4/(((-15)/k)/3).
2
Suppose -5*u - 12 = -3*z, 0*z = -2*z + u + 15. Let d be -3*(0 + (-6)/z). List the prime factors of 1/d*(12 + 2).
7
Let z(i) = 12*i**2. Let g be z(2). Let l = g - -11. List the prime factors of l.
59
Let d(a) = 71*a**2 - 6*a + 56. What are the prime factors of d(6)?
2, 7, 23
Suppose -21*o + 80143 = -13727. List the prime factors of o.
2, 3, 5, 149
Suppose -d + 78 = -68. Suppose -2*c - 5*q + d = 0, q = -4*c - 0*c + 256. Let u = -25 + c. List the prime factors of u.
2, 19
Let l = 122 - 39. Let x be (-4)/6*1 + 109/(-3). Let h = x + l. List the prime factors of h.
2, 23
Let c = 306 + -110. Suppose c = 4*z + 4*m, 2*m = -z + 5*m + 41. What are the prime factors of z?
47
Suppose -3*g = -2*k + 1287, 5*k - 1151 = 4*g + 2063. List the prime factors of k.
2, 3, 107
Suppose -2*b - 30 = -2*q, -b = q - 3*b - 19. Suppose -q*i - 422 + 1203 = 0. What are the prime factors of i?
71
Let s be 6/36 - (-29)/6. Suppose r - 6*r + 185 = -3*k, -4*r + s*k = -135. List the prime factors of r.
2, 5
Suppose 0 = -2*b + x + 796, b + 4*x + x - 409 = 0. What are the prime factors of b?
3, 7, 19
Suppose -2*r + 5*l = 1292, -4*l = 4*r - 3*l + 2540. What are the prime factors of (14/(-21))/(8/r)?
53
Suppose 4*c - 27 = -3*h - 67, 2*h = c + 21. Suppose 60*b + 120 = 45*b. Let g = b - c. What are the prime factors of g?
5
Suppose 5*o = -5*w + 45, -4*o + 18 + 23 = 5*w. Suppose 0 = t + o*t - 135. Let d = 66 - t. List the prime factors of d.
3, 13
Let i(x) = 149*x - 9. What are the prime factors of i(14)?
31, 67
Suppose -4*l - 620 = h + h, 0 = -5*h - 3*l - 1515. Let w = h + 516. Suppose 4*t - w = -2*t. What are the prime factors of t?
2, 3
Let y = 193 - 43. Suppose -z + y = z. What are the prime factors of z?
3, 5
Suppose -11*z = -19*z + 72. Let v(n) = n**2 + 13*n - 12. List the prime factors of v(z).
2, 3, 31
Let t(n) = -4*n**2 + n + 10. Let r(x) = -3*x**2 + 9. Let g(o) = 6*r(o) - 5*t(o). Let j(i) = 2*i**2 + 1. Let d be j(1). List the prime factors of g(d).
7
Suppose i - 3*d = 2*i + 24, 0 = i - 2*d + 29. Let s = -22 - i. What are the prime factors of 66 + (s - (8 - 4))?
67
Let n(k) = 9*k**2 + 32*k - 134. What are the prime factors of n(-17)?
3, 641
Suppose -w = 2*t, 5*w + 0*w + 4*t = 0. Suppose 5*f + j + 3*j = 27, f + 2*j - 9 = w. What are the prime factors of (18/3)/f - -14?
2
Let t = 4070 + -2420. List the prime factors of t.
2, 3, 5, 11
What are the prime factors of -1 - (354/8)/((-5)/20)?
2, 11
Let t(z) = -z**3 + 2*z**2 + 11*z - 10. Let o be t(4). Suppose -5*f + 5 = 0, -2*u = -4*u + o*f - 872. What are the prime factors of u/(-33) + 12/(-66)?
13
Let y(m) = -14*m**2 + 3*m - 3. Let f be y(1). Let r(h) = -6*h + 17. Let d be r(12). Let v = f - d. List the prime factors of v.
41
Suppose -x = -3 + 1. Let c be ((-3)/x)/((-3)/6). Suppose -c*l = 3*v - 60, -v = 2*l - 9 - 26. List the prime factors of l.
3, 5
Suppose -5*i = -25, 3*i - 56 = -3*t - i. Let c(a) = -5*a**2 + t + 13*a**2 - 10*a - 9*a**2. What are the prime factors of c(-8)?
2, 7
Suppose 0 = -4*o - 20, 5*r - 2191 = r - 5*o. List the prime factors of r.
2, 277
Let i(d) be the second derivative of -d**3/6 + 121*d**2/2 - 21*d. List the prime factors of i(0).
11
Suppose -1610 = -u + 160. List the prime factors of u.
2, 3, 5, 59
Let q(i) = 32*i + 2 + 11 + 41*i. List the prime factors of q(4).
5, 61
Let r(y) be the third derivative of y**4/12 - 7*y**3/6 + 13*y**2. Let t(q) = -2*q. Let j be t(-3). List the prime factors of r(j).
5
Let g = 4588 - 2413. Suppose 8*m - g = -95. What are the prime factors of m?
2, 5, 13
Let j(f) = -f**3 - f**2 + 9*f + 14. Let q be j(-8). What are the prime factors of 40/(-70) - q/(-21)?
2, 3
Let t = -2148 - -3068. List the prime factors of t.
2, 5, 23
Let u(t) = t**2 + 5*t - 10. Let j be u(-7). Suppose -4 = 3*d - j*d. Suppose d*s = 148 + 116. What are the prime factors of s?
2, 3, 11
Let i = -24 - -42. Suppose 37 = d - i. List the prime factors of d.
5, 11
Let r = 1661 + -1648. What are the prime factors of r?
13
Suppose 2*q = -n + 27, -2*n - n = 3*q - 39. Let s = q + -14. Suppose l - 5*t - 29 = s, -4*l + t = 2*t - 116. List the prime factors of l.
29
List the prime factors of 1996*(3 - (-1)/((-2)/5)).
2, 499
Let a be 136/51*(-1 + 4). Suppose -a*v + 6*v = -46. What are the prime factors of v?
23
What are the prime factors of 2/4*(52 - (-1 + 7))?
23
Suppose -5*n = 3*s + 15, 15 = n - 2*s - s. Let i = n + 5. Suppose 6*v = -3*y + i*v + 41, 2*y = -3*v + 18. What are the prime factors of y?
3, 5
Let o(d) = 31*d**2 - 14*d - 120. List the prime factors of o(-5).
5, 29
Suppose -2*g - 27 - 31 = 0. Let r = -1 + g. Let h = 61 + r. List the prime factors of h.
31
What are the prime factors of 3/4 - -110*(-46)/(-16)?
317
What are the prime factors of -10 + 9 - (1 + 9391)/(-4)?
2347
Suppose 4*h = -5*k + 2315, 293 = -2*k - 3*h + 1219. List the prime factors of k.
463
Let j be 1/((-7)/16) + 14/49. List the prime factors of j - 7/(-3) - 440/(-12).
37
Suppose 0 = -8*s + 10*s - 14. Suppose -18 = -s*g + 17. List the prime factors of g.
5
Let l = 83 - 34. Let g = l - 45. List the prime factors of g.
2
Suppose 4*y - 3*z = 3*y - 22, 4*y + 5*z = -3. Let s = y - -3. Let k = s + 14. List the prime factors of k.
2, 5
Suppose -36 = -3*m + 24. Suppose -2*b + 129 = q, -5*q + m = -q. List the prime factors of b.
2, 31
Let o(x) = -4*x**2 + 3*x - 7. Let h(i) = i**2 + i + 1. Let y(z) = -3*h(z) - o(z). Let m be y(8). Let w(r) = -r + 26. What are the prime factors of w(m)?
2, 3
Let d(t) = -3*t**2 - 9*t - 6. Let j 